{"id":23412,"date":"2021-11-17T17:08:38","date_gmt":"2021-11-17T23:08:38","guid":{"rendered":"https:\/\/latam.kaspersky.com\/blog\/?page_id=23412"},"modified":"2022-05-05T09:52:51","modified_gmt":"2022-05-05T15:52:51","slug":"familia","status":"publish","type":"page","link":"https:\/\/latam.kaspersky.com\/blog\/explorando-vida-digital\/familia\/","title":{"rendered":"<small><sup>Explorando nuestra vida digital<\/sup><\/small><br> Combatiendo el ciber-estr\u00e9s: m\u00e1s de la mitad de los usuarios se ha sentido estresado por pasar m\u00e1s tiempo en l\u00ednea"},"content":{"rendered":"<style>.c-wysiwyg blockquote{background: rgb(219 229 229 \/ 50%);}.c-wysiwyg blockquote p{font-style:normal} .img-big { width: 100vw!important; max-width: 66.875rem!important; left: 50%!important; position: relative; transform: translateX(-50%); }.accent{color: #00a88e; margin: 0;font-size:1.5rem;font-weight: 900;}.c-wysiwyg .accented-list li:before {top:1.15rem}.c-wysiwyg .accented-list li{margin-bottom:1.25rem}.c-wysiwyg hr+*{margin-top:2.5rem}.c-wysiwyg hr{border-bottom: 2px solid #00a88e; width: 120px;margin: 1rem 0 -1.25rem 0;}blockquote h5 { color: #00a88e; font-style: initial; } span.accented-quote { display: block; font-size: 60px; font-family: sans-serif; line-height: 20px; margin-top: 30px; margin-left: -3px; }@media(min-width: 40.6875rem){.accent{font-size:2rem}.c-wysiwyg .accented-list li:before {top:1.75rem}.c-wysiwyg hr{border-bottom: 2px solid #00a88e; width: 160px;}}.c-wysiwyg ol>li:before{left: -1.85rem; top: -0.25em; font-size: 2.875rem;}.c-wysiwyg ol>li{padding-left: 1rem;} .c-article__image-container+p { margin-top: 1.25em;}.article-submenu ul { display: grid; grid-template-columns: repeat(5,1fr); margin: 0; border-top: 1px solid rgba(0,0,0,.1); box-shadow: inset 0 -1px 0px 0px rgba(0,0,0,.1); } .article-submenu ul li:before { content: none; } .article-submenu li { text-align: center; margin: 8px 0; } .article-submenu li a { text-align: center; padding: 10px; margin: 0; background: none!important; font-size: 14px; font-weight: 300; color: #333; border-bottom: 3px solid transparent; } .article-submenu li.inactive a { pointer-events:none;color: #cacaca } .article-submenu li.current a { pointer-events:none;cursor:initial;border-color: #009981; color: #006d5c; } .article-submenu li.inactive a:after { content: \"Soon\"; display: block; position: absolute; top: 0; right: -22px; background: #cacaca; color: white; padding: 0px 3px; border-radius: 4px; border-bottom-left-radius: 0; font-size: 0.7em; box-shadow: 0 2px 4px rgba(0,0,0,.15);} .article-submenu li.active:hover a { color: #006d5c; border-color: #ddd; transition: .1s; } .article-submenu li.current:hover a { color: #006d5c; border-color: #009981; transition: .1s; }<\/style>\n<div class=\"article-submenu\">\n<ul>\n<li class=\"active \"><a href=\"https:\/\/latam.kaspersky.com\/blog\/explorando-vida-digital\" rel=\"noopener noreferrer\" target=\"_blank\">Introducci\u00f3n<\/a><\/li>\n<li class=\"active\"><a href=\"https:\/\/latam.kaspersky.com\/blog\/explorando-vida-digital\/emprendedor\" rel=\"noopener noreferrer\" target=\"_blank\">Emprendedor<\/a><\/li>\n<li class=\"active current\"><a href=\"https:\/\/latam.kaspersky.com\/blog\/explorando-vida-digital\/familia\" rel=\"noopener noreferrer\" target=\"_blank\">Familia<\/a><\/li>\n<li class=\"active \"><a href=\"https:\/\/latam.kaspersky.com\/blog\/explorando-vida-digital\/movil\" rel=\"noopener noreferrer\" target=\"_blank\">M\u00f3vil<\/a><\/li>\n<li class=\"active \"><a href=\"https:\/\/latam.kaspersky.com\/blog\/explorando-vida-digital\/entretenimiento\" rel=\"noopener noreferrer\" target=\"_blank\">Entretenimiento<\/a><\/li>\n<\/ul>\n<\/div>\n<p>\u00a0<br>\n<img decoding=\"async\" class=\"aligncenter size-full wp-image-23353\" src=\"https:\/\/media.kasperskydaily.com\/wp-content\/uploads\/sites\/87\/2021\/11\/17104129\/explorando-vida-digital-13.png\" alt=\"\" width=\"1600\" height=\"1084\"><br>\n<!--h2>Tras 18 meses de trabajo, escuela y entretenimiento en l\u00ednea, expertos recalcan la importancia de realizar una \"desintoxicaci\u00f3n digital\" y reevaluar los h\u00e1bitos en l\u00ednea de lo m\u00e1s peque\u00f1os hasta adultos mayores<\/h2>\n\n\n\n<hr-->\n<\/p><p><strong>La pandemia ha forzado a que todos, desde ni\u00f1os de edad pre-escolar hasta abuelos, adopten la tecnolog\u00eda para completar actividades que antes realizaban de manera presencial. Esto no solo afect\u00f3 al trabajo, el aprendizaje, y la forma de entretenernos, sino tambi\u00e9n la compra de alimentos, solicitud de servicios p\u00fablicos y hasta visitas m\u00e9dicas, las cuales tambi\u00e9n se trasladaron al mundo virtual. Como consecuencia, el estar en l\u00ednea con tanta frecuencia se convirti\u00f3 en una causa de estr\u00e9s para m\u00e1s de la mitad (56%) de los encuestados, seg\u00fan el estudio \u201c<a href=\"https:\/\/media.kasperskydaily.com\/wp-content\/uploads\/sites\/92\/2021\/09\/17132317\/CyberStress-Survey-Report-V3.pdf\" target=\"_blank\" rel=\"noopener\">Lidiando con la nueva realidad en nuestra normalidad digital<\/a>\u201d realizado por Kaspersky en Norteam\u00e9rica. Con esto en mente, los expertos de Kaspersky exhortan a las familias a realizar un \u201cdesintoxicaci\u00f3n digital\u201d para reconectarse con sus seres queridos y a reevaluar los h\u00e1bitos digitales de todos los miembros del hogar en lo que aprovechan el relajamiento de las medidas de confinamiento que se est\u00e1n dando a trav\u00e9s de la regi\u00f3n.\u00a0 <\/strong><\/p>\n<p>El estudio tambi\u00e9n dio a conocer que 3 de cada 5 (57%) de los encuestados aumentaron su uso de los servicios en l\u00ednea, y m\u00e1s de una cuarta parte (27%) dijo que ha aumentado significativamente. En el caso de los ni\u00f1os, estudios realizados en Am\u00e9rica Latina revelan h\u00e1bitos preocupantes. De acuerdo a un <a href=\"https:\/\/latam.kaspersky.com\/blog\/padres-usan-la-tecnologia-para-distraer-a-sus-hijos-durante-el-confinamiento\/21800\/\" target=\"_blank\" rel=\"noopener\">informe<\/a> de Kaspersky realizado durante la pandemia, 73% de los padres latinoamericanos asegura que, en los \u00faltimos 12 meses, sus hijos han pasado m\u00e1s tiempo en l\u00ednea y 19% de ellos reconoce que se ha apoyado en la tecnolog\u00eda para mantener a los menores ocupados mientras ellos buscan trabajar y ocuparse de las labores del hogar. Sin embargo, el informe resalta que, aunque el confinamiento los ha llevado a recurrir a este tipo de \u201csoluci\u00f3n\u201d, el 44% de ellos se siente inc\u00f3modo por la exposici\u00f3n prolongada de sus hijos a Internet.<\/p>\n<blockquote><p><em>\u201cInternet ha demostrado ser un gran y vers\u00e1til aliado, pero la frase de \u2018todo en exceso es malo\u2019 ha demostrado ser cierta\u201d,<\/em> <strong>explica Fabiano Tricarico, director de Consumo para Am\u00e9rica Latina en Kaspersky<\/strong>.<em> \u201cComo padre, sent\u00ed que la falta de interacci\u00f3n social y de actividad f\u00edsica hac\u00eda a los j\u00f3venes m\u00e1s irritables y ansiosos e incluso, que algunos exhibieran reacciones m\u00e1s intensas. Estoy seguro de que la mejor forma de aliviar esta situaci\u00f3n es adoptando un proceso gradual de \u2018desintoxicaci\u00f3n\u2019, es decir, poner m\u00e1s \u00e9nfasis en las actividades en familia, fuera de l\u00ednea y fuera de casa, donde sea posible, para distanciarnos un poco del mundo digital\u201d. <\/em><\/p><\/blockquote>\n<p>La desintoxicaci\u00f3n digital consiste en dejar de usar dispositivos durante un periodo determinado y darnos tiempo para realizar actividades como excursiones naturales, ejercicio u otras acciones fuera de l\u00ednea. Adem\u00e1s, estos momentos libres de dispositivos tambi\u00e9n son ideales para reevaluar los h\u00e1bitos digitales de los miembros de la familia durante estos \u00faltimos meses y establecer nuevos par\u00e1metros para el uso de la tecnolog\u00eda, como: \u00a0limitar el tiempo y horarios de conexi\u00f3n; crear contrase\u00f1as \u00fanicas y robustas para servicios en l\u00ednea; no abrir archivos adjuntos ni hacer clic en enlaces de correos, mensajes SMS o promovidos en redes sociales; bajar apps \u00fanicamente de sitios oficiales; familiarizarse con las amenazas comunes como el <em>phishing<\/em>; utilizar una soluci\u00f3n de seguridad en todos los dispositivos utilizados para navegar en Internet, entre otros. Adem\u00e1s, es importante recalcar que cuando alg\u00fan miembro de la familia se sienta incomodo o inseguro con alg\u00fan acontecimiento en l\u00ednea o tecnolog\u00eda, no quedarse callado y pedir ayuda.<\/p>\n<p>Solicitar asistencia con temas digitales es algo que los adultos mayores suelen hacer; sin embargo, los meses de aislamiento incrementaron las dificultades que miembros de este grupo tiene con la tecnolog\u00eda ya que el entorno digital no les resulta natural y, consecuentemente, desconocen cu\u00e1les son los riesgos en l\u00ednea. Incluso, antes de la emergencia sanitaria, un informe de Kaspersky realizado en 13 pa\u00edses revel\u00f3 que m\u00e1s de un tercio (35%) de los mayores de 55 a\u00f1os manifestaba tener <a href=\"https:\/\/media.kasperskydaily.com\/wp-content\/uploads\/sites\/92\/2019\/06\/03071833\/Can-you-just-%E2%80%93-Report.pdf\" target=\"_blank\" rel=\"noopener\">dificultades con la tecnolog\u00eda<\/a> de forma cotidiana y 44% de los usuarios menores de 55 a\u00f1os revel\u00f3 tener familiares mayores que han sido v\u00edctimas de ciberestafas.<br>\n<img decoding=\"async\" src=\"https:\/\/media.kasperskydaily.com\/wp-content\/uploads\/sites\/87\/2021\/11\/17104148\/explorando-vida-digital-15-798x1024.png\" alt=\"\" width=\"500\" class=\"aligncenter size-large wp-image-23355\"><\/p>\n<blockquote><p><em>\u201cLos nietos son quienes a menudo se convierten en los asistentes t\u00e9cnicos de los adultos mayores. Sin embargo, los j\u00f3venes no son los m\u00e1s pacientes, especialmente ahora cuando ellos mismos se han sentido estresados por la limitaci\u00f3n de sus actividades habituales. Adem\u00e1s, los menores tambi\u00e9n pueden carecer de los conocimientos necesarios para mantener a sus abuelos seguros en l\u00ednea, lo que puede ser fuente de m\u00e1s estr\u00e9s a corto plazo. Por eso es que ahora, que se est\u00e1n relajando las medidas de confinamiento a trav\u00e9s de la regi\u00f3n, reconectar con la familia y reevaluar los h\u00e1bitos digitales de cada integrante, puede ser de gran beneficio para todos\u201d, <\/em><strong>A\u00f1ade Tricarico. <\/strong><\/p><\/blockquote>\n<p>Para m\u00e1s consejos sobre la desintoxicaci\u00f3n digital y la reevaluaci\u00f3n de los h\u00e1bitos en l\u00ednea de todos los miembros de la familia, visite nuestro <a href=\"http:\/\/latam.kaspersky.com\/blog\" target=\"_blank\" rel=\"noopener\">blog<\/a>.<br>\n\u00a0<\/p>\n<div class=\"article-submenu\">\n<ul>\n<li class=\"active \"><a href=\"https:\/\/latam.kaspersky.com\/blog\/explorando-vida-digital\" rel=\"noopener noreferrer\" target=\"_blank\">Introducci\u00f3n<\/a><\/li>\n<li class=\"active\"><a href=\"https:\/\/latam.kaspersky.com\/blog\/explorando-vida-digital\/emprendedor\" rel=\"noopener noreferrer\" target=\"_blank\">Emprendedor<\/a><\/li>\n<li class=\"active current\"><a href=\"https:\/\/latam.kaspersky.com\/blog\/explorando-vida-digital\/familia\" rel=\"noopener noreferrer\" target=\"_blank\">Familia<\/a><\/li>\n<li class=\"active \"><a href=\"https:\/\/latam.kaspersky.com\/blog\/explorando-vida-digital\/movil\" rel=\"noopener noreferrer\" target=\"_blank\">M\u00f3vil<\/a><\/li>\n<li class=\"active \"><a href=\"https:\/\/latam.kaspersky.com\/blog\/explorando-vida-digital\/entretenimiento\" rel=\"noopener noreferrer\" target=\"_blank\">Entretenimiento<\/a><\/li>\n<\/ul>\n<\/div>\n","protected":false},"excerpt":{"rendered":"<p>Introducci\u00f3n Emprendedor Familia M\u00f3vil Entretenimiento \u00a0 La pandemia ha forzado a que todos, desde ni\u00f1os de edad pre-escolar hasta abuelos, adopten la tecnolog\u00eda para completar actividades que antes realizaban de<\/p>\n","protected":false},"author":2706,"featured_media":23353,"parent":23339,"menu_order":0,"comment_status":"closed","ping_status":"closed","template":"","meta":{"_acf_changed":false,"footnotes":""},"categories":[],"class_list":["post-23412","page","type-page","status-publish","has-post-thumbnail"],"hreflang":[{"hreflang":"es-mx","url":"https:\/\/latam.kaspersky.com\/blog\/explorando-vida-digital\/familia\/"},{"hreflang":"pt-br","url":"https:\/\/www.kaspersky.com.br\/blog\/explorando-vida-digital\/familia\/"}],"acf":[],"banners":"","is_landing":true,"_links":{"self":[{"href":"https:\/\/latam.kaspersky.com\/blog\/wp-json\/wp\/v2\/pages\/23412","targetHints":{"allow":["GET"]}}],"collection":[{"href":"https:\/\/latam.kaspersky.com\/blog\/wp-json\/wp\/v2\/pages"}],"about":[{"href":"https:\/\/latam.kaspersky.com\/blog\/wp-json\/wp\/v2\/types\/page"}],"author":[{"embeddable":true,"href":"https:\/\/latam.kaspersky.com\/blog\/wp-json\/wp\/v2\/users\/2706"}],"replies":[{"embeddable":true,"href":"https:\/\/latam.kaspersky.com\/blog\/wp-json\/wp\/v2\/comments?post=23412"}],"version-history":[{"count":7,"href":"https:\/\/latam.kaspersky.com\/blog\/wp-json\/wp\/v2\/pages\/23412\/revisions"}],"predecessor-version":[{"id":23448,"href":"https:\/\/latam.kaspersky.com\/blog\/wp-json\/wp\/v2\/pages\/23412\/revisions\/23448"}],"up":[{"embeddable":true,"href":"https:\/\/latam.kaspersky.com\/blog\/wp-json\/wp\/v2\/pages\/23339"}],"wp:featuredmedia":[{"embeddable":true,"href":"https:\/\/latam.kaspersky.com\/blog\/wp-json\/wp\/v2\/media\/23353"}],"wp:attachment":[{"href":"https:\/\/latam.kaspersky.com\/blog\/wp-json\/wp\/v2\/media?parent=23412"}],"wp:term":[{"taxonomy":"category","embeddable":true,"href":"https:\/\/latam.kaspersky.com\/blog\/wp-json\/wp\/v2\/categories?post=23412"}],"curies":[{"name":"wp","href":"https:\/\/api.w.org\/{rel}","templated":true}]}}